et d be b(-6). Suppose -2*a + d = -7. Let u(h) = 2*h - 5. Calculate the remainder when u(5) is divided by a.
1
Calculate the remainder when 0 - (-161 + -7 + 10) is divided by 8.
6
Let a(p) = -p**2 + 6*p + 2. Let g be a(9). Let u = 88 + g. Let s = -36 + u. What is the remainder when 78 is divided by s?
24
Suppose -r + 37 = 2*a - 0*r, -4*a = -2*r - 78. Let o(n) = 17 - 15 + 21*n**2 - 2*n - 4*n. Calculate the remainder when o(2) is divided by a.
17
Let b = 791 - 761. Calculate the remainder when 59 is divided by b.
29
Suppose 0*v + 3*v + 12 = 0, g = -4*v + 8. Suppose -2*o - 2 = g. Calculate the remainder when (-700)/o - 14/(-91) is divided by 28.
26
Let j = 77 + -24. Let r = -10 + 55. Let n = -18 + r. Calculate the remainder when j is divided by n.
26
Let z(r) = -r**2 + 9*r - 18. Let a be z(14). Let x(m) = -m**3 + 3*m**2 + 6*m - 6. Let t be x(4). What is the remainder when 30 is divided by ((-4)/16)/(t/a)?
8
What is the remainder when (-1 - (-291)/7) + 534/1246 is divided by 34?
7
Let l(a) = -8*a - 56. Let f be l(-14). Suppose -2*g - f = -2*n, 6*n - 53 = 4*n - g. What is the remainder when 105 is divided by n?
24
Suppose -4 = -2*f + 2. Suppose f*x + x - 2*a = 228, -3*a = 5*x - 263. What is the remainder when x is divided by 19?
17
Suppose -41*a = 3*r - 40*a - 626, 3*r = 3*a + 606. What is the remainder when r is divided by 15?
12
Let c be 4/16*-2*-6. Let t(o) = 7*o. Calculate the remainder when t(c) is divided by 2.
1
Let s(d) = -2*d**2 - 11*d + 2. Let p be s(-5). Suppose -p*g + 93 = -82. Calculate the remainder when 49 is divided by g.
24
Let k = -19 + 1. Calculate the remainder when 22 is divided by (12/k)/(1*(-2)/15).
2
Let h(f) = 2*f**3 - 7*f**2 - 13. Calculate the remainder when 60 is divided by h(4).
0
Let z be (1 - (-4)/(-8))*-2. Calculate the remainder when 85 is divided by (-30)/z + 2 + -3.
27
Suppose 0 = 162*x - 185*x + 368. What is the remainder when 152 is divided by x?
8
Let v = 44 - 26. Suppose 4*y - y - 6 = 3*d, 3*d = 2*y - 4. Suppose q = y*q - 33. What is the remainder when q is divided by v?
15
Suppose 4*w + 3*c = 28 + 73, -5*c + 4 = w. Calculate the remainder when 136 is divided by w.
20
Let p = -127 - -55. Let o = p + 79. Calculate the remainder when 11 is divided by o.
4
Suppose -9*j + 4*j + 125 = 0. Calculate the remainder when j is divided by -2 + -1*-4*4.
11
Let k(d) = -2*d - 11. Let r be k(-5). Let q = r - -3. Suppose x - q - 6 = 0. Calculate the remainder when 13 is divided by x.
5
Let q = 113 - 69. Let p = 12 - 15. What is the remainder when q is divided by 156/12 - (-3*4)/p?
8
Suppose y = -5*y + 864. What is the remainder when y is divided by 38?
30
Let a = 213 - 132. Suppose 5*f + 36 = b - 7, 4*f + 152 = 5*b. What is the remainder when a is divided by b?
25
Let a(t) = 4*t - 1 + 1. Calculate the remainder when a(3) is divided by (-8 - (-54)/8)*-4.
2
Suppose -8*m = -16*m + 176. Calculate the remainder when m is divided by 13.
9
Let q = 600 - 566. Calculate the remainder when (-15 - -2)/(2/(-10)) is divided by q.
31
Let k(o) = 13*o**3 - 2*o**2 - 58*o + 163. Calculate the remainder when k(3) is divided by 17.
16
Let z(a) = -2*a**2 + 3*a + 16. Let i(f) = f - 1. Let l(k) = 6*i(k) + z(k). Let h be l(-9). Let p = -148 - h. Calculate the remainder when p is divided by 22.
19
What is the remainder when 378 + ((-4)/(-6) - (-50)/15) is divided by 11?
8
Let m be -4*((-10)/4 - -2). Suppose -m*x - x = -15. Let f(n) = 3*n**2 - 4*n + 9. Calculate the remainder when f(x) is divided by 22.
20
Let p be (-46)/(1/(-5)*2). Suppose 0 = 5*d - 4*x - 221, -2*d + p = -4*x + 17. Calculate the remainder when d is divided by ((-108)/(-18))/((-3)/(-11)).
19
Suppose 5 = 3*n - 5*j - 17, j - 4 = 0. Suppose 3*t - 15 = -0*t. Suppose -160 = -t*g + g. Calculate the remainder when g is divided by n.
12
Suppose -4*k = 15*k - 399. Suppose 534 = -k*d + 1899. Calculate the remainder when 125 is divided by d.
60
Suppose 8 + 24 = 8*g. Let t(c) = 12*c**2 - 3*c - 9. What is the remainder when t(g) is divided by 58?
55
Suppose 8*g - 132 = 5*g. Let w(s) = -s**3 + 15*s**2 - 11*s - 6. Let v be w(14). Suppose 5*b + v = 9*b. What is the remainder when g is divided by b?
8
Let w be (-3 - (-4)/2)*-12. Suppose -4*p - w - 22 = -2*c, 4*p = c - 13. Suppose 9*z + 28 - 127 = 0. What is the remainder when c is divided by z?
10
Let q(k) = 9*k**3 - k**2 - 3*k - 3. Let v be q(-2). Let m = -67 - v. Calculate the remainder when 9 is divided by m.
3
Suppose 0 = h - 34 - 21. What is the remainder when h is divided by (1/2)/((-30)/(-900))?
10
Let w be (-3)/(-2) - 1410/12. Let y = -84 - w. Calculate the remainder when 125 is divided by y.
29
Suppose 29*h = 22*h + 350. Let v = 51 - 15. Let i = h - v. Calculate the remainder when 68 is divided by i.
12
Let i be 76/57*(-18)/(-8). Suppose 0*x - 3*n - 12 = -i*x, 32 = 2*x + 4*n. Calculate the remainder when 15 is divided by x.
7
Let i = 0 + 4. Suppose -4*n = -4*w + 112, -2*w + 27 = i*n - 29. Calculate the remainder when 55 is divided by w.
27
Suppose s = 4*h + 12, 5*s - 25 - 35 = -3*h. Let u = 78 - -17. What is the remainder when u is divided by s?
11
Suppose 2*r + 20 = -2*x, -2*x + r = 4 + 1. Calculate the remainder when ((-8)/x)/(3/((-180)/(-8))) is divided by 5.
2
Let i = -103 - -115. Suppose -4*u + 3*m + 142 = 0, -m = -3*u + 125 - 21. What is the remainder when u is divided by i?
10
Suppose -z - 4*q = -69, -z + q = -4 - 90. Calculate the remainder when 528 is divided by z.
83
Suppose 0 = -3*h - 6 + 15. Suppose 5*u - 2648 = 4*y, 1586 = h*u - 2*y + y. What is the remainder when 27 is divided by u/54 + 2/9?
7
Let c be (3 - (3 + 1))/(1/(-2)). Suppose 2*g + 3*z - 7 + 136 = 0, 72 = -g - 4*z. Calculate the remainder when 102 is divided by ((-24)/g)/(c/130).
24
Let k = -488 - -504. Calculate the remainder when 51 is divided by k.
3
Let u(z) = -z**2 - 7*z + 874. What is the remainder when u(23) is divided by ((-74)/(-4))/(2/4)?
36
Let d(y) = y**2 - 3*y - 10. Suppose 4*l - w + 81 = 0, -2*w - 96 = 5*l + 2*w. Let m be (8/l)/(2/(-40)). Calculate the remainder when d(m) is divided by 11.
8
Suppose -8*g + 6*g = -26. Let j = g + -11. Suppose -j*n = -5*c - 20, 2*n + 35 = 5*n - 5*c. Calculate the remainder when n is divided by 6.
3
Let s = 50 - 31. Suppose -5*h = -86 - 79. What is the remainder when h is divided by s?
14
Let j(u) = 6*u**2 - u. Let a be j(-2). Let r = 77 + -82. Let m = r + a. Calculate the remainder when m is divided by 8.
5
Suppose 9*t - 20 - 79 = 0. Let p be (1 + 1 + -1)*17. Suppose 3*z + b - p = -b, -4*b = z + t. Calculate the remainder when 26 is divided by z.
8
Let h = -1671 + 1754. Calculate the remainder when 151 is divided by h.
68
Suppose 1030 = 5*t + 5*w, 5*t = -4*w + 1333 - 302. Let n = -17 + 31. What is the remainder when t is divided by n?
11
What is the remainder when 145 is divided by (-4)/(-14) + (5 - (-1384)/56)?
25
Let s(v) = 4*v**3 - v**2 + 3*v - 3. Suppose 0 = -6*l + l + 2*c + 6, 4 = 2*c. Let j = 3 + 5. What is the remainder when s(l) is divided by j?
7
Let v(c) = 15*c. Let u be v(4). Suppose 6*f - f = -u. Calculate the remainder when 273/5 + f/20 is divided by 19.
16
Let z(r) = r**2 + 18*r - 6. Let c(k) = 6*k**2 + 91*k - 29. Let s(d) = -2*c(d) + 11*z(d). What is the remainder when 4/(-14) - 46*(-12)/21 is divided by s(15)?
5
What is the remainder when (200/24 - 8)/((-2)/(-276)) is divided by 7?
4
Let u(c) = c**2 - 8*c + 25. Suppose -1 = -4*b + 31. What is the remainder when u(5) is divided by b?
2
What is the remainder when (-4)/12*62*-3 is divided by 11?
7
Suppose -4*g - k = -289, 2*k + 35 = -g + 102. Suppose 0 = 4*w + 16, -2*b + 5*w - 215 = 3*b. Let v = b + g. Calculate the remainder when 75 is divided by v.
23
Suppose 4*x - 16 = 44. Let u = 61 + -37. Suppose g = -3*g + u. Calculate the remainder when x is divided by g.
3
Let o = 608 + -599. What is the remainder when 266 is divided by o?
5
Let j(g) = 35*g**3 + g**2 + 4*g - 4. What is the remainder when 94 is divided by j(1)?
22
Let d(i) = -6*i**3 + 29*i**2 - 16*i - 1. Let f(r) = r**3 - 6*r**2 + 3*r. Let t(a) = -2*d(a) - 11*f(a). What is the remainder when 28 is divided by t(-8)?
8
Suppose -10*z = -6*z - 68. What is the remainder when 39 is divided by z?
5
Let p = 10 - 8. Let d(c) = 3*c + 1. What is the remainder when 18 is divided by d(p)?
4
Calculate the remainder 